 factors of 975704676?
2, 3, 81308723
What are the prime factors of 1345838147?
73, 2153, 8563
What are the prime factors of 49489568?
2, 1546549
List the prime factors of 461307055.
5, 11, 762491
List the prime factors of 2071275355.
5, 37, 73, 153371
List the prime factors of 724927734.
2, 3, 281, 331, 433
What are the prime factors of 3407021405?
5, 1019, 668699
What are the prime factors of 11084803?
11084803
What are the prime factors of 3075460643?
29, 106050367
List the prime factors of 151287535.
5, 7, 733, 5897
List the prime factors of 52640641.
52640641
List the prime factors of 32044747.
7, 4577821
What are the prime factors of 621450468?
2, 3, 181, 10597
What are the prime factors of 546441833?
7, 78063119
List the prime factors of 918276013.
79, 863, 13469
List the prime factors of 2181250771.
7, 311607253
What are the prime factors of 193112013?
3, 64370671
What are the prime factors of 2955574214?
2, 73, 20243659
List the prime factors of 128490817.
7, 13, 1411987
What are the prime factors of 460172653?
107, 4300679
List the prime factors of 49618726.
2, 67, 349, 1061
List the prime factors of 231143789.
2803, 82463
What are the prime factors of 195852620?
2, 5, 9792631
List the prime factors of 65440061.
71, 619, 1489
What are the prime factors of 1247093347?
47, 26533901
What are the prime factors of 4947763634?
2, 11, 23, 9778189
List the prime factors of 35905815.
3, 5, 11, 24179
List the prime factors of 728223122.
2, 11, 37, 24179
What are the prime factors of 427231548?
2, 3, 151, 78593
List the prime factors of 174834417.
3, 29, 1187, 1693
What are the prime factors of 44216562?
2, 3, 13, 566879
What are the prime factors of 228597535?
5, 2671, 17117
What are the prime factors of 1136772537?
3, 29, 13066351
What are the prime factors of 1347753410?
2, 5, 19, 7093439
List the prime factors of 87261601.
7, 254407
List the prime factors of 34970514.
2, 3, 179, 32561
What are the prime factors of 27059851?
7, 13, 103, 2887
What are the prime factors of 184412958?
2, 3, 37, 109, 7621
List the prime factors of 188100043.
188100043
What are the prime factors of 84226235?
5, 71, 237257
List the prime factors of 2484732397.
7, 157, 2260903
List the prime factors of 1541729771.
4337, 355483
What are the prime factors of 65961396?
2, 3, 1832261
What are the prime factors of 31559819?
1571, 20089
What are the prime factors of 3676090612?
2, 919022653
List the prime factors of 388231412.
2, 1931, 50263
List the prime factors of 93687145.
5, 37, 506417
List the prime factors of 24272029.
24272029
List the prime factors of 3216063769.
3216063769
List the prime factors of 520736503.
7, 17, 4375937
What are the prime factors of 1264178827?
1264178827
List the prime factors of 5133837.
3, 1711279
What are the prime factors of 318108829?
1801, 176629
List the prime factors of 536110089.
3, 178703363
What are the prime factors of 6506084?
2, 13, 125117
What are the prime factors of 46746502?
2, 11, 2124841
List the prime factors of 10842349.
7, 241, 6427
What are the prime factors of 35273526?
2, 3, 163, 36067
List the prime factors of 78098285.
5, 673, 23209
What are the prime factors of 25973880?
2, 3, 5, 263, 823
List the prime factors of 177846126.
2, 3, 29641021
What are the prime factors of 34065874?
2, 17032937
What are the prime factors of 603078059?
37, 643, 25349
What are the prime factors of 77196630?
2, 3, 5, 7, 367603
List the prime factors of 1094701449.
3, 283, 1289401
What are the prime factors of 39539486?
2, 7, 733, 3853
List the prime factors of 70211207.
11, 17, 307, 1223
What are the prime factors of 289445822?
2, 31, 4668481
List the prime factors of 1605112265.
5, 31, 71, 157, 929
List the prime factors of 25822049.
11, 193, 12163
What are the prime factors of 71721791?
71721791
List the prime factors of 1175158629.
3, 6577, 19853
What are the prime factors of 188884106?
2, 94442053
What are the prime factors of 51359865?
3, 5, 61, 56131
List the prime factors of 467443262.
2, 11, 13, 1634417
List the prime factors of 1755681720.
2, 3, 5, 13, 563, 1999
What are the prime factors of 784023540?
2, 3, 5, 23, 568133
List the prime factors of 95665507.
7, 61, 224041
List the prime factors of 759161541.
3, 173, 1462739
List the prime factors of 17596164.
2, 3, 37, 39631
List the prime factors of 872016518.
2, 37, 11784007
List the prime factors of 21547577.
19, 71, 15973
What are the prime factors of 216275568?
2, 3, 4505741
What are the prime factors of 51130095?
3, 5, 149, 22877
What are the prime factors of 1234088777?
43, 373, 76943
What are the prime factors of 288620973?
3, 32068997
List the prime factors of 693721323.
3, 193, 399379
What are the prime factors of 98672261?
98672261
List the prime factors of 26317327.
3847, 6841
List the prime factors of 625798602.
2, 3, 11, 13, 81041
List the prime factors of 9442649730.
2, 3, 5, 41, 313, 24527
What are the prime factors of 73115815?
5, 29, 504247
List the prime factors of 8947198.
2, 13, 103, 257
What are the prime factors of 3060319925?
5, 13, 349, 26981
What are the prime factors of 174278108?
2, 19, 79, 29027
List the prime factors of 4763864.
2, 7, 97, 877
What are the prime factors of 1192531028?
2, 13, 17, 1349017
List the prime factors of 1422238244.
2, 7, 43, 163, 7247
What are the prime factors of 1449216273?
3, 4793, 100787
What are the prime factors of 73687541?
1723, 42767
What are the prime factors of 200081113?
547, 365779
What are the prime factors of 287437704?
2, 3, 31, 211, 1831
List the prime factors of 6318575.
5, 31, 263
List the prime factors of 2756380122.
2, 3, 19, 23, 18443
What are the prime factors of 36868912?
2, 2304307
What are the prime factors of 183458906?
2, 91729453
List the prime factors of 82406809.
101, 769, 1061
List the prime factors of 18105620.
2, 5, 13, 83, 839
What are the prime factors of 823000848?
2, 3, 3677, 4663
What are the prime factors of 8056714266?
2, 3, 41, 167, 65371
List the prime factors of 202334566.
2, 7, 29, 498361
List the prime factors of 559294782.
2, 3, 93215797
What are the prime factors of 352538865?
3, 5, 7, 59, 6323
What are the prime factors of 179123523?
3, 59707841
What are the prime factors of 46998808?
2, 593, 9907
What are the prime factors of 978776124?
2, 3, 81564677
What are the prime factors of 251970708?
2, 3, 11, 1908869
What are the prime factors of 31915941?
3, 37, 271, 1061
What are the prime factors of 319884580?
2, 5, 17, 223, 4219
List the prime factors of 366159081.
3, 122053027
List the prime factors of 189216070.
2, 5, 2833, 6679
What are the prime factors of 3243459397?
3243459397
List the prime factors of 1341506925.
3, 5, 11, 542023
What are the prime factors of 1358791458?
2, 3, 643, 352201
List the prime factors of 97285508.
2, 647, 37591
List the prime factors of 13837668.
2, 3, 13, 107, 829
List the prime factors of 8542797519.
3, 2847599173
List the prime factors of 551318776.
2, 73, 944039
List the prime factors of 122082904.
2, 19, 757, 1061
List the prime factors of 1166542662.
2, 3, 194423777
What are the prime factors of 1453233204?
2, 3, 1487, 9049
What are the prime factors of 192558911?
53, 3633187
What are the prime factors of 493369277?
41, 821, 14657
What are the prime factors of 56809222?
2, 28404611
List the prime factors of 22242310.
2, 5, 2224231
List the prime factors of 62073056.
2, 137, 14159
List the prime factors of 761477.
761477
List the prime factors of 656365146.
2, 3, 19, 41, 389
List the prime factors of 993126991.
993126991
List the prime factors of 405750062.
2, 367, 552793
List the prime factors of 212569480.
2, 5, 31, 171427
List the prime factors of 14220777.
3, 4740259
List the prime factors of 46579602.
2, 3, 19, 487, 839
List the prime factors of 47194850.
2, 5, 23, 41039
List the prime factors of 879035911.
13, 523, 129289
List the prime factors of 480461758.
2, 7, 97, 50543
What are the prime factors of 1156972154?
2, 13, 44498929
List the prime factors of 31100132.
2, 7, 1110719
List the prime factors of 125547884.
2, 7, 11, 53, 7691
List the prime factors of 2419104884.
2, 7, 86396603
What are the prime factors of 425157287?
647, 657121
What are the prime factors of 116823846?
2, 3, 19470641
List the prime factors of 122721697